{"id":12892,"date":"2021-03-12T16:26:39","date_gmt":"2021-03-12T16:26:39","guid":{"rendered":"https:\/\/patijinich.com\/pati_2020\/es\/?post_type=video&#038;p=12892"},"modified":"2021-03-12T16:32:34","modified_gmt":"2021-03-12T16:32:34","slug":"episodio-810-desayuno-junto-a-las-olas","status":"publish","type":"video","link":"https:\/\/patijinich.com\/pati_2020\/es\/video\/episodio-810-desayuno-junto-a-las-olas\/","title":{"rendered":"Episodio 810: Desayuno junto a las olas"},"content":{"rendered":"\n<p>Celestino Gasca existe desde hace apenas unos treinta a\u00f1os. Ahora, este pueblo costero y rural se est\u00e1 convirtiendo en un destino vacacional, gracias a sus playas v\u00edrgenes y condiciones ideales para surfear. Pati se encuentra con la due\u00f1a del restaurante Carmen y le ayuda a cocinar una de las recetas ic\u00f3nicas de Sinaloa, el pescado zarandeado. Luego, viaja 30 minutos hacia el sur hacia el diminuto pueblo pequero de Las Barras, donde conoce a un pescador de percebes, un peque\u00f1o crust\u00e1ceo considerado un manjar en la regi\u00f3n.<\/p>\n","protected":false},"excerpt":{"rendered":"<p>Celestino Gasca existe desde hace apenas unos treinta a\u00f1os. Ahora, este pueblo costero y rural se est\u00e1 convirtiendo en un destino vacacional, gracias a sus playas v\u00edrgenes y condiciones ideales para surfear. Pati se encuentra con la due\u00f1a del restaurante Carmen y le ayuda a cocinar una de las recetas ic\u00f3nicas de Sinaloa, el pescado [&hellip;]<\/p>\n","protected":false},"featured_media":0,"template":"","meta":{"wprm-recipe-roundup-name":"","wprm-recipe-roundup-description":""},"region":[],"series":[7596,7611],"yoast_head":"<!-- This site is optimized with the Yoast SEO plugin v19.1 - https:\/\/yoast.com\/wordpress\/plugins\/seo\/ -->\n<title>Episodio 810: Desayuno junto a las olas - Pati Jinich en Espa\u00f1ol<\/title>\n<meta name=\"robots\" content=\"index, follow, max-snippet:-1, max-image-preview:large, max-video-preview:-1\" \/>\n<link rel=\"canonical\" href=\"https:\/\/patijinich.com\/pati_2020\/es\/video\/episodio-810-desayuno-junto-a-las-olas\/\" \/>\n<meta property=\"og:locale\" content=\"es_MX\" \/>\n<meta property=\"og:type\" content=\"article\" \/>\n<meta property=\"og:title\" content=\"Episodio 810: Desayuno junto a las olas - Pati Jinich en Espa\u00f1ol\" \/>\n<meta property=\"og:description\" content=\"Celestino Gasca existe desde hace apenas unos treinta a\u00f1os. Ahora, este pueblo costero y rural se est\u00e1 convirtiendo en un destino vacacional, gracias a sus playas v\u00edrgenes y condiciones ideales para surfear. Pati se encuentra con la due\u00f1a del restaurante Carmen y le ayuda a cocinar una de las recetas ic\u00f3nicas de Sinaloa, el pescado [&hellip;]\" \/>\n<meta property=\"og:url\" content=\"https:\/\/patijinich.com\/pati_2020\/es\/video\/episodio-810-desayuno-junto-a-las-olas\/\" \/>\n<meta property=\"og:site_name\" content=\"Pati Jinich en Espa\u00f1ol\" \/>\n<meta property=\"article:modified_time\" content=\"2021-03-12T16:32:34+00:00\" \/>\n<meta name=\"twitter:card\" content=\"summary_large_image\" \/>\n<meta name=\"twitter:label1\" content=\"Est. reading time\" \/>\n\t<meta name=\"twitter:data1\" content=\"1 minuto\" \/>\n<script type=\"application\/ld+json\" class=\"yoast-schema-graph\">{\"@context\":\"https:\/\/schema.org\",\"@graph\":[{\"@type\":\"WebSite\",\"@id\":\"https:\/\/patijinich.com\/pati_2020\/es\/#website\",\"url\":\"https:\/\/patijinich.com\/pati_2020\/es\/\",\"name\":\"Pati Jinich en Espa\u00f1ol\",\"description\":\"Pati Jinich es la anfitriona del popular programa de la PBS Pati&#039;s Mexican Table, nominado a los premios Emmy and James Beard, autora de dos libros de cocina y chef residente en el Instituto Cultural Mexicano en Washington, D.C. Esta es su p\u00e1gina oficial, en la comparte recetas de su programa y recetas nuevas en su blog, eventos pr\u00f3ximos, noticias recientes y m\u00e1s.\",\"potentialAction\":[{\"@type\":\"SearchAction\",\"target\":{\"@type\":\"EntryPoint\",\"urlTemplate\":\"https:\/\/patijinich.com\/pati_2020\/es\/?s={search_term_string}\"},\"query-input\":\"required name=search_term_string\"}],\"inLanguage\":\"es-MX\"},{\"@type\":\"WebPage\",\"@id\":\"https:\/\/patijinich.com\/pati_2020\/es\/video\/episodio-810-desayuno-junto-a-las-olas\/#webpage\",\"url\":\"https:\/\/patijinich.com\/pati_2020\/es\/video\/episodio-810-desayuno-junto-a-las-olas\/\",\"name\":\"Episodio 810: Desayuno junto a las olas - Pati Jinich en Espa\u00f1ol\",\"isPartOf\":{\"@id\":\"https:\/\/patijinich.com\/pati_2020\/es\/#website\"},\"datePublished\":\"2021-03-12T16:26:39+00:00\",\"dateModified\":\"2021-03-12T16:32:34+00:00\",\"breadcrumb\":{\"@id\":\"https:\/\/patijinich.com\/pati_2020\/es\/video\/episodio-810-desayuno-junto-a-las-olas\/#breadcrumb\"},\"inLanguage\":\"es-MX\",\"potentialAction\":[{\"@type\":\"ReadAction\",\"target\":[\"https:\/\/patijinich.com\/pati_2020\/es\/video\/episodio-810-desayuno-junto-a-las-olas\/\"]}]},{\"@type\":\"BreadcrumbList\",\"@id\":\"https:\/\/patijinich.com\/pati_2020\/es\/video\/episodio-810-desayuno-junto-a-las-olas\/#breadcrumb\",\"itemListElement\":[{\"@type\":\"ListItem\",\"position\":1,\"name\":\"Home\",\"item\":\"https:\/\/patijinich.com\/pati_2020\/es\/\"},{\"@type\":\"ListItem\",\"position\":2,\"name\":\"Videos\",\"item\":\"https:\/\/patijinich.com\/pati_2020\/es\/video\/\"},{\"@type\":\"ListItem\",\"position\":3,\"name\":\"Episodio 810: Desayuno junto a las olas\"}]}]}<\/script>\n<!-- \/ Yoast SEO plugin. -->","yoast_head_json":{"title":"Episodio 810: Desayuno junto a las olas - Pati Jinich en Espa\u00f1ol","robots":{"index":"index","follow":"follow","max-snippet":"max-snippet:-1","max-image-preview":"max-image-preview:large","max-video-preview":"max-video-preview:-1"},"canonical":"https:\/\/patijinich.com\/pati_2020\/es\/video\/episodio-810-desayuno-junto-a-las-olas\/","og_locale":"es_MX","og_type":"article","og_title":"Episodio 810: Desayuno junto a las olas - Pati Jinich en Espa\u00f1ol","og_description":"Celestino Gasca existe desde hace apenas unos treinta a\u00f1os. Ahora, este pueblo costero y rural se est\u00e1 convirtiendo en un destino vacacional, gracias a sus playas v\u00edrgenes y condiciones ideales para surfear. Pati se encuentra con la due\u00f1a del restaurante Carmen y le ayuda a cocinar una de las recetas ic\u00f3nicas de Sinaloa, el pescado [&hellip;]","og_url":"https:\/\/patijinich.com\/pati_2020\/es\/video\/episodio-810-desayuno-junto-a-las-olas\/","og_site_name":"Pati Jinich en Espa\u00f1ol","article_modified_time":"2021-03-12T16:32:34+00:00","twitter_card":"summary_large_image","twitter_misc":{"Est. reading time":"1 minuto"},"schema":{"@context":"https:\/\/schema.org","@graph":[{"@type":"WebSite","@id":"https:\/\/patijinich.com\/pati_2020\/es\/#website","url":"https:\/\/patijinich.com\/pati_2020\/es\/","name":"Pati Jinich en Espa\u00f1ol","description":"Pati Jinich es la anfitriona del popular programa de la PBS Pati&#039;s Mexican Table, nominado a los premios Emmy and James Beard, autora de dos libros de cocina y chef residente en el Instituto Cultural Mexicano en Washington, D.C. Esta es su p\u00e1gina oficial, en la comparte recetas de su programa y recetas nuevas en su blog, eventos pr\u00f3ximos, noticias recientes y m\u00e1s.","potentialAction":[{"@type":"SearchAction","target":{"@type":"EntryPoint","urlTemplate":"https:\/\/patijinich.com\/pati_2020\/es\/?s={search_term_string}"},"query-input":"required name=search_term_string"}],"inLanguage":"es-MX"},{"@type":"WebPage","@id":"https:\/\/patijinich.com\/pati_2020\/es\/video\/episodio-810-desayuno-junto-a-las-olas\/#webpage","url":"https:\/\/patijinich.com\/pati_2020\/es\/video\/episodio-810-desayuno-junto-a-las-olas\/","name":"Episodio 810: Desayuno junto a las olas - Pati Jinich en Espa\u00f1ol","isPartOf":{"@id":"https:\/\/patijinich.com\/pati_2020\/es\/#website"},"datePublished":"2021-03-12T16:26:39+00:00","dateModified":"2021-03-12T16:32:34+00:00","breadcrumb":{"@id":"https:\/\/patijinich.com\/pati_2020\/es\/video\/episodio-810-desayuno-junto-a-las-olas\/#breadcrumb"},"inLanguage":"es-MX","potentialAction":[{"@type":"ReadAction","target":["https:\/\/patijinich.com\/pati_2020\/es\/video\/episodio-810-desayuno-junto-a-las-olas\/"]}]},{"@type":"BreadcrumbList","@id":"https:\/\/patijinich.com\/pati_2020\/es\/video\/episodio-810-desayuno-junto-a-las-olas\/#breadcrumb","itemListElement":[{"@type":"ListItem","position":1,"name":"Home","item":"https:\/\/patijinich.com\/pati_2020\/es\/"},{"@type":"ListItem","position":2,"name":"Videos","item":"https:\/\/patijinich.com\/pati_2020\/es\/video\/"},{"@type":"ListItem","position":3,"name":"Episodio 810: Desayuno junto a las olas"}]}]}},"_links":{"self":[{"href":"https:\/\/patijinich.com\/pati_2020\/es\/wp-json\/wp\/v2\/video\/12892"}],"collection":[{"href":"https:\/\/patijinich.com\/pati_2020\/es\/wp-json\/wp\/v2\/video"}],"about":[{"href":"https:\/\/patijinich.com\/pati_2020\/es\/wp-json\/wp\/v2\/types\/video"}],"wp:attachment":[{"href":"https:\/\/patijinich.com\/pati_2020\/es\/wp-json\/wp\/v2\/media?parent=12892"}],"wp:term":[{"taxonomy":"region","embeddable":true,"href":"https:\/\/patijinich.com\/pati_2020\/es\/wp-json\/wp\/v2\/region?post=12892"},{"taxonomy":"series","embeddable":true,"href":"https:\/\/patijinich.com\/pati_2020\/es\/wp-json\/wp\/v2\/series?post=12892"}],"curies":[{"name":"wp","href":"https:\/\/api.w.org\/{rel}","templated":true}]}}

<p>Celestino Gasca existe desde hace apenas unos treinta años. Ahora, este pueblo costero y rural se está convirtiendo en un destino vacacional, gracias a sus playas vírgenes y condiciones ideales para surfear. Pati se encuentra con la dueña del restaurante Carmen y le ayuda a cocinar una de las recetas icónicas de Sinaloa, el pescado zarandeado. Luego, viaja 30 minutos hacia el sur hacia el diminuto pueblo pequero de Las Barras, donde conoce a un pescador de percebes, un pequeño crustáceo considerado un manjar en la región.</p>

<p>Celestino Gasca existe desde hace apenas unos treinta años. Ahora, este pueblo costero y rural se está convirtiendo en un destino vacacional, gracias a sus playas vírgenes y condiciones ideales para surfear. Pati se encuentra con la dueña del restaurante Carmen y le ayuda a cocinar una de las recetas icónicas de Sinaloa, el pescado [&hellip;]</p>

<!-- This site is optimized with the Yoast SEO plugin v19.1 - https://yoast.com/wordpress/plugins/seo/ -->
<title>Episodio 810: Desayuno junto a las olas - Pati Jinich en Español</title>
<meta name="robots" content="index, follow, max-snippet:-1, max-image-preview:large, max-video-preview:-1" />
<link rel="canonical" href="https://patijinich.com/pati_2020/es/video/episodio-810-desayuno-junto-a-las-olas/" />
<meta property="og:locale" content="es_MX" />
<meta property="og:type" content="article" />
<meta property="og:title" content="Episodio 810: Desayuno junto a las olas - Pati Jinich en Español" />
<meta property="og:description" content="Celestino Gasca existe desde hace apenas unos treinta años. Ahora, este pueblo costero y rural se está convirtiendo en un destino vacacional, gracias a sus playas vírgenes y condiciones ideales para surfear. Pati se encuentra con la dueña del restaurante Carmen y le ayuda a cocinar una de las recetas icónicas de Sinaloa, el pescado [&hellip;]" />
<meta property="og:url" content="https://patijinich.com/pati_2020/es/video/episodio-810-desayuno-junto-a-las-olas/" />
<meta property="og:site_name" content="Pati Jinich en Español" />
<meta property="article:modified_time" content="2021-03-12T16:32:34+00:00" />
<meta name="twitter:card" content="summary_large_image" />
<meta name="twitter:label1" content="Est. reading time" />
	<meta name="twitter:data1" content="1 minuto" />
<script type="application/ld+json" class="yoast-schema-graph">{"@context":"https://schema.org","@graph":[{"@type":"WebSite","@id":"https://patijinich.com/pati_2020/es/#website","url":"https://patijinich.com/pati_2020/es/","name":"Pati Jinich en Español","description":"Pati Jinich es la anfitriona del popular programa de la PBS Pati&#039;s Mexican Table, nominado a los premios Emmy and James Beard, autora de dos libros de cocina y chef residente en el Instituto Cultural Mexicano en Washington, D.C. Esta es su página oficial, en la comparte recetas de su programa y recetas nuevas en su blog, eventos próximos, noticias recientes y más.","potentialAction":[{"@type":"SearchAction","target":{"@type":"EntryPoint","urlTemplate":"https://patijinich.com/pati_2020/es/?s={search_term_string}"},"query-input":"required name=search_term_string"}],"inLanguage":"es-MX"},{"@type":"WebPage","@id":"https://patijinich.com/pati_2020/es/video/episodio-810-desayuno-junto-a-las-olas/#webpage","url":"https://patijinich.com/pati_2020/es/video/episodio-810-desayuno-junto-a-las-olas/","name":"Episodio 810: Desayuno junto a las olas - Pati Jinich en Español","isPartOf":{"@id":"https://patijinich.com/pati_2020/es/#website"},"datePublished":"2021-03-12T16:26:39+00:00","dateModified":"2021-03-12T16:32:34+00:00","breadcrumb":{"@id":"https://patijinich.com/pati_2020/es/video/episodio-810-desayuno-junto-a-las-olas/#breadcrumb"},"inLanguage":"es-MX","potentialAction":[{"@type":"ReadAction","target":["https://patijinich.com/pati_2020/es/video/episodio-810-desayuno-junto-a-las-olas/"]}]},{"@type":"BreadcrumbList","@id":"https://patijinich.com/pati_2020/es/video/episodio-810-desayuno-junto-a-las-olas/#breadcrumb","itemListElement":[{"@type":"ListItem","position":1,"name":"Home","item":"https://patijinich.com/pati_2020/es/"},{"@type":"ListItem","position":2,"name":"Videos","item":"https://patijinich.com/pati_2020/es/video/"},{"@type":"ListItem","position":3,"name":"Episodio 810: Desayuno junto a las olas"}]}]}</script>
<!-- / Yoast SEO plugin. -->

Episodio 810: Desayuno junto a las olas - Pati Jinich en Español

Celestino Gasca existe desde hace apenas unos treinta años. Ahora, este pueblo costero y rural se está convirtiendo en un destino vacacional, gracias a sus playas vírgenes y condiciones ideales para surfear. Pati se encuentra con la dueña del restaurante Carmen y le ayuda a cocinar una de las recetas icónicas de Sinaloa, el pescado [&hellip;]

Pati Jinich en Español

Pati Jinich es la anfitriona del popular programa de la PBS Pati&#039;s Mexican Table, nominado a los premios Emmy and James Beard, autora de dos libros de cocina y chef residente en el Instituto Cultural Mexicano en Washington, D.C. Esta es su página oficial, en la comparte recetas de su programa y recetas nuevas en su blog, eventos próximos, noticias recientes y más.
